{"id":87,"date":"2018-07-03T13:18:14","date_gmt":"2018-07-03T13:18:14","guid":{"rendered":"http:\/\/woodemo.local\/?post_type=product&#038;p=87"},"modified":"2019-04-11T15:48:02","modified_gmt":"2019-04-11T15:48:02","slug":"ashrodelda","status":"publish","type":"product","link":"https:\/\/finde.hu\/?product=ashrodelda","title":{"rendered":"Dr. F\u00fcredi P\u00e9ter"},"content":{"rendered":"<p>C\u00e9g\u00fcgyek,<\/p>\n<p style=\"text-align: center;\"><a href=\"https:\/\/finde.hu\/?post_type=product\">Vissza a szakma keres\u0151re<\/a><\/p>\n<p>&nbsp;<\/p>\n","protected":false},"excerpt":{"rendered":"<p>Egy\u00e9ni \u00fcgyv\u00e9d.<\/p>\n<p>7635 P\u00e9cs Hunyadi \u00fat 46<\/p>\n<p>\u00dcgyf\u00e9lfogad\u00e1s el\u0151re eggyeztetett id\u0151pontban\u00a0 \u00a0.<\/p>\n<p>Telefon:<\/p>\n<p>+36-30-600-75-46<\/p>\n<p>+36-72-<\/p>\n<p>e-mail:drfuredipeter@gmail.com<\/p>\n<p>web:<\/p>\n<p>&nbsp;<\/p>\n<p>&nbsp;<\/p>\n<p><a href=\"https:\/\/www.google.com\/maps\/place\/P%C3%A9cs,+Hunyadi+J%C3%A1nos+u.+46,+7625\/@46.0832191,18.2247749,17z\/data=!3m1!4b1!4m5!3m4!1s0x4742b1a51c8af065:0xa4bb543d6caf2fd4!8m2!3d46.0832154!4d18.2269636?hl=hu\" target=\"_blank\" rel=\"noopener noreferrer\">T\u00e9rk\u00e9p<\/a><\/p>\n<p>&nbsp;<\/p>\n","protected":false},"featured_media":1294,"comment_status":"closed","ping_status":"closed","template":"","meta":[],"product_brand":[],"product_cat":[326,328],"product_tag":[469,467,468,470],"class_list":{"0":"post-87","1":"product","2":"type-product","3":"status-publish","4":"has-post-thumbnail","6":"product_cat-jog-pecs","7":"product_cat-ugyvedek-jog-pecs","8":"product_tag-adasveteli-szerzodes","9":"product_tag-cegalapitas","10":"product_tag-cegmodositas","11":"product_tag-valoper","13":"first","14":"instock","15":"shipping-taxable","16":"product-type-simple"},"_links":{"self":[{"href":"https:\/\/finde.hu\/index.php?rest_route=\/wp\/v2\/product\/87","targetHints":{"allow":["GET"]}}],"collection":[{"href":"https:\/\/finde.hu\/index.php?rest_route=\/wp\/v2\/product"}],"about":[{"href":"https:\/\/finde.hu\/index.php?rest_route=\/wp\/v2\/types\/product"}],"replies":[{"embeddable":true,"href":"https:\/\/finde.hu\/index.php?rest_route=%2Fwp%2Fv2%2Fcomments&post=87"}],"wp:featuredmedia":[{"embeddable":true,"href":"https:\/\/finde.hu\/index.php?rest_route=\/wp\/v2\/media\/1294"}],"wp:attachment":[{"href":"https:\/\/finde.hu\/index.php?rest_route=%2Fwp%2Fv2%2Fmedia&parent=87"}],"wp:term":[{"taxonomy":"product_brand","embeddable":true,"href":"https:\/\/finde.hu\/index.php?rest_route=%2Fwp%2Fv2%2Fproduct_brand&post=87"},{"taxonomy":"product_cat","embeddable":true,"href":"https:\/\/finde.hu\/index.php?rest_route=%2Fwp%2Fv2%2Fproduct_cat&post=87"},{"taxonomy":"product_tag","embeddable":true,"href":"https:\/\/finde.hu\/index.php?rest_route=%2Fwp%2Fv2%2Fproduct_tag&post=87"}],"curies":[{"name":"wp","href":"https:\/\/api.w.org\/{rel}","templated":true}]}}